se 11, what is -4 - -207?
203
In base 15, what is -e + -5c?
-6b
In base 10, what is -1372 + 0?
-1372
In base 8, what is -1 - -437?
436
In base 11, what is 26a5 + 4?
26a9
In base 5, what is -34 - 1402?
-1441
In base 9, what is -85 + -15?
-111
In base 12, what is -a6 + 0?
-a6
In base 11, what is 5 - -1002?
1007
In base 9, what is 3 - -10?
13
In base 7, what is 422 + 2?
424
In base 9, what is -31 - 0?
-31
In base 7, what is 3 - -3032?
3035
In base 10, what is -1 + -564?
-565
In base 10, what is -598 + -4?
-602
In base 13, what is -478 - 11?
-489
In base 13, what is 3 + 355?
358
In base 15, what is 0 + -1a?
-1a
In base 7, what is 32222 + 4?
32226
In base 12, what is 25 - -26?
4b
In base 8, what is 0 + 1143?
1143
In base 13, what is -1 + -cab?
-cac
In base 14, what is 1 + -1b28?
-1b27
In base 16, what is -e81 - 4?
-e85
In base 16, what is -2fe + -1?
-2ff
In base 13, what is 113 + -1?
112
In base 6, what is -434 - 54?
-532
In base 8, what is -32 + -3?
-35
In base 12, what is 1 - -2609?
260a
In base 12, what is 7 - 14?
-9
In base 15, what is -6 - 602?
-608
In base 13, what is -376 - 0?
-376
In base 9, what is 53 + -2?
51
In base 16, what is -943 + -4?
-947
In base 11, what is 143 - 56?
98
In base 15, what is 1 - 14?
-13
In base 6, what is 525 + -1?
524
In base 12, what is -6 - 1365?
-136b
In base 16, what is -1e1 + -3?
-1e4
In base 4, what is -10 - 1013130?
-1013200
In base 3, what is -120 + -110?
-1000
In base 11, what is -5 - -2a9?
2a4
In base 10, what is 429 - 2?
427
In base 3, what is -1020222 - 10?
-1021002
In base 8, what is -51 + -165?
-236
In base 10, what is 562 + -22?
540
In base 5, what is 10 + 43134?
43144
In base 4, what is -33 - -13?
-20
In base 3, what is -22 + -111?
-210
In base 7, what is 2 - -34?
36
In base 4, what is 11 + 20221?
20232
In base 16, what is -2 - 140?
-142
In base 8, what is 1 - -155?
156
In base 15, what is 22b + 25?
251
In base 7, what is -14250 + -5?
-14255
In base 2, what is -10 + -100110001?
-100110011
In base 7, what is -10 + -23?
-33
In base 12, what is 1b + -3?
18
In base 11, what is 3 + 505?
508
In base 2, what is 11 - 111001111?
-111001100
In base 13, what is 5 - -36?
3b
In base 6, what is -2 - 12533?
-12535
In base 6, what is -102244 + 1?
-102243
In base 2, what is 1000 + -101?
11
In base 6, what is 2053 - 125?
1524
In base 10, what is -1915 - -5?
-1910
In base 6, what is -1 + 22?
21
In base 9, what is -11363 - -2?
-11361
In base 3, what is 100120200 - -11?
100120211
In base 4, what is -30 + -23?
-113
In base 3, what is 0 - 221?
-221
In base 5, what is 111004 + -4?
111000
In base 3, what is -11 + 121001?
120220
In base 14, what is 2 - 5a5?
-5a3
In base 8, what is 300 + 45?
345
In base 3, what is -12 - 210210?
-210222
In base 14, what is -5 - 6?
-b
In base 9, what is 1014 - 3?
1011
In base 5, what is 131 + 130?
311
In base 13, what is 323 - -18?
33b
In base 9, what is -8 - -50?
41
In base 13, what is 64 - -2?
66
In base 5, what is -4 + 3121?
3112
In base 9, what is 7 + -222?
-214
In base 7, what is 11 + -1620?
-1606
In base 11, what is 5 - 6?
-1
In base 4, what is -1 - 1122122?
-1122123
In base 2, what is 110101 + -1110001?
-111100
In base 16, what is 1a + 3?
1d
In base 6, what is -1452 + 0?
-1452
In base 2, what is 10011000010 - 101?
10010111101
In base 15, what is 3d + -8?
35
In base 12, what is -2 - -41?
3b
In base 3, what is -11 - -1120201?
1120120
In base 3, what is 10 - -202212?
202222
In base 10, what is 332 + -3?
329
In base 4, what is -1 - -11?
10
In base 8, what is 100 - -4?
104
In base 15, what is -2165 + 3?
-2162
In base 13, what is 3 - 7a?
-77
In base 15, what is a8 + 49?
102
In base 12, what is 16 - -2?
18
In base 11, what is 3 + 25?
28
In base 12, what is 81 + -8?
75
In base 9, what is 338 + -7?
331
In base 6, what is -5 + -2322?
-2331
In base 5, what is -4 - -2131?
2122
In base 7, what is 1311 + -3?
1305
In base 8, what is -27 + 14?
-13
In base 12, what is 0 - 317?
-317
In base 7, what is -3 + -6153?
-6156
In base 7, what is 14 - 135?
-121
In base 13, what is 4 - -3c02?
3c06
In base 11, what is -304 - -4?
-300
In base 12, what is -31 - 5?
-36
In base 5, what is -120403 + -4?
-120412
In base 15, what is 7 - -49?
51
In base 5, what is 10 - -2002?
2012
In base 10, what is 188 - 21?
167
In base 14, what is 6d7 - -6?
6dd
In base 15, what is 23d - 3?
23a
In base 5, what is -23201 - 3?
-23204
In base 16, what is -326f + 3?
-326c
In base 4, what is 33300 - -1?
33301
In base 2, what is -111 - -10000010?
1111011
In base 14, what is 0 - b2?
-b2
In base 9, what is 0 + 88?
88
In base 10, what is -680 + 5?
-675
In base 8, what is -3 - 435?
-440
In base 2, what is 10 + -100000001?
-11111111
In base 3, what is -21011 + -2201?
-100212
In base 13, what is 26 + -4?
22
In base 13, what is 5 + -689?
-684
In base 10, what is -5 + 928?
923
In base 3, what is -1101221 - 1?
-1101222
In base 3, what is -2 - 12?
-21
In base 14, what is -18d - 5?
-194
In base 8, what is 4 + 234?
240
In base 10, what is 16 - -50?
66
In base 16, what is -3 + -28?
-2b
In base 13, what is 1 + 920?
921
In base 3, what is 1002210 - -10?
1002220
In base 4, what is 130 - 10?
120
In base 12, what is -8625 + 5?
-8620
In base 12, what is 287 - -4?
28b
In base 14, what is -10 - 19?
-29
In base 9, what is 150 - 5?
144
In base 10, what is 38 - -1?
39
In base 16, what is -d - -1d?
10
In base 4, what is -1 - -130?
123
In base 10, what is -11 + 41?
30
In base 12, what is 5 - -2aa?
2b3
In base 6, what is 12 + 5?
21
In base 2, what is 1001010111 + 11?
1001011010
In base 16, what is -4 + 37?
33
In base 4, what is 1120 + -3?
1111
In base 13, what is 4 + -2b37?
-2b33
In base 14, what is -cc - 0?
-cc
In base 7, what is 545 - -5?
553
In base 7, what is -4 - -2324?
2320
In base 10, what is -6 - 61?
-67
In base 13, what is 4 - -3b?
42
In base 5, what is 3 - -1323?
1331
In base 14, what is 2 - -44?
46
In base 10, what is 19 - -83?
102
In base 9, what is -451 - 1?
-452
In base 7, what is 10 - 201?
-161
In base 4, what is -20120 - -10?
-20110
In base 14, what is a - -5?
11
In base 14, what is 428 + 3?
42b
In base 10, what is 112 + 1?
113
In base 4, what is -10 + 10?
0
In base 16, what is 11 - -f?
20
In base 3, what is -22002 + -2?
-22011
In base 7, what is -5 - 1?
-6
In base 7, what is -30 - -146?
116
In base 6, what is 1511 + 4?
1515
In base 16, what is 7 - 9e?
-97
In base 2, what is -100111 + -11?
-101010
In base 14, what is 15a + 0?
15a
In base 4, what is 2303 - 1?
2302
In base 6, what is 542 - 13?
525
In base 4, what is 10 - 30331?
-30321
In base 15, what is -2d + -a5?
-d3
In base 11, what is 16a + 3?
172
In base 13, what is 123 + 5?
128
In base 6, what is -4 + 31310?
31302
In base 10, what is 159 - 3?
156
In base 12, what is 85 + -1?
84
In base 13, what is -68 - 2?
-6a
In base 11, what is -145 - -5?
-140
In base 3, what is 2 - 10012?
-10010
In base 8, what is 6534 + 2?
6536
In base 7, what is -3 - -1605?
1602
In base 13, what is 20cb + 0?
20cb
In base 3, what is 10 - -1?
11
In base 11, what is 1a7 + 5?
201
In base 5, what is -222 - -20?
-202
In base 9, what is 5533 - 3?
5530
In base 13, what is -3 + 1a5?
1a2
In base 11, what is 3 - -385?
388
In base 15, what is 3 - 1bd?
-1ba
In base 6, what is 10 + 11?
21
In base 12, what is -790 - 3?
-793
In base 11, what is -230 - 4?
-234
In base 5, what is -2000 - 2?
-2002
In base 16, what is 26 + -2e?
-8
In base 6, what is -14 - 5?
-23
In base 14, what is 4a + 4?
50
In base 4, what is -2023200 + 2?
-2023132
In base 13, what is -3 - -16?
13
In base 4, what is -13 + 2303?
2230
In base 12, what is -5 + 7?
2
In base 13, what is -2809 - 0?
-2809
In base 13, what is -4558 - 5?
-4560
In base 15, what is 63 + 10?
73
In base 6, what is -40 + -10?
-50
In base 8, what is 4 + -437?
-433
In base 11, what is -2 - -176?
174
In base 2, what is 11 + -10001111?
-10001100
In base 16, what is -5e - -7?
-57
In base 8, what is -6 - 36?
-44
In base 13, what is -4 - -16?
12
In base 6, what is -10504 - 1?
-10505
In base 11, what is -27 - -342?
316
In base 12, what is 8 + -29?
-21
In base 10, what is 5 + 997?
1002
In base 12, what is 1299 + 4?
12a1
In base 12, what is -22 - -53?
31
In base 11, what is 5 - 64?
-5a
In base 5, what is 111 + 21?
132
In base 8, what is -15 - -24?
7
In base 8, what is 126 - 4?
122
In base 13, what is b0c - 2?
b0a
In 